or of 20 and s?
4
Suppose 4*l - 16 = -o - 6, 0 = 2*l - o - 2. Suppose -l*b = 11 - 19, -3*r + 133 = 4*b. Calculate the highest common divisor of 208 and r.
13
Let p be (-108)/(-10)*(-35)/14. Let h(s) = s**3 + 28*s**2 + 29*s + 79. Let b be h(p). Calculate the greatest common divisor of 75 and b.
25
Suppose 0 = -j + 3 - 1. Suppose -6*c + 147 = 117. Suppose 3*v - 106 = 4*o, j*o + 43 = c*v - 129. What is the greatest common factor of v and 17?
17
Let a be (-44)/418 + 87/57*973. Calculate the greatest common factor of 385 and a.
55
Suppose -324 = -3*w - w. Let t = -79 + w. Suppose -2*p = 0, 0 = t*m + 2*m + 3*p - 52. Calculate the highest common factor of 78 and m.
13
Let t be 1 - (-3 + -3 + 2). Let b be (-121 + 125)*(t + 0 - 1). What is the greatest common divisor of 112 and b?
16
Let n = 7 + -80. Let f = n + 157. Suppose -14 = -t - 2*r, 31*r = 3*t + 32*r - 37. Calculate the greatest common divisor of t and f.
12
Suppose 50*d + 1344 = 106*d. Let q(u) = u**3 - 7*u - 5. Let c be q(-4). Let y = -29 - c. What is the highest common factor of y and d?
12
Let x(t) = -38*t + 6. Let v be x(-5). Let z be (-6244)/(-669)*(0 + 3). Calculate the highest common divisor of z and v.
28
Suppose 4*i - 2*v = 17274, -52*v + 9 = -49*v. Calculate the greatest common divisor of i and 36.
36
Let z = -8994 + 9022. Calculate the highest common factor of 1748 and z.
4
Let l(b) be the second derivative of -19*b**3/6 + 117*b**2 + 252*b. Let i be l(10). Calculate the greatest common factor of i and 20.
4
Let j = -19054 + 19059. Let l = 1 + 1. Suppose 2*o - j*o = -2*u + 45, 66 = 4*u + l*o. What is the greatest common divisor of 9 and u?
9
Let v be (-1)/4 - (-402)/8. Let r be 6/(-15) - 3*(-51)/45. Suppose a = -2 - 1, p - 39 = r*a. Calculate the greatest common divisor of p and v.
10
Let u = 107 - -25. Calculate the highest common factor of 176 and u.
44
Let v = 21110 - 21108. Calculate the greatest common divisor of 2529 and v.
1
Let d = 422 - 378. Suppose 2*y = -t - 0 + 40, 0 = 4*y + 8. What is the greatest common divisor of d and t?
44
Suppose 9*t - 39 - 64 = 68. Calculate the highest common divisor of 27 and t.
1
Let y be (12/18)/((-4)/(-138)). Let q = 1916 - 1090. Suppose -f = f - 4*z - 422, z - q = -4*f. Calculate the highest common divisor of y and f.
23
Let f(h) = 19*h - 87. Let p = 508 + -503. Let g be f(p). Calculate the highest common factor of g and 536.
8
Let r(c) = -5*c - 18. Let g be r(8). Let b = g + -1. Let w = b - -71. Calculate the greatest common factor of 3 and w.
3
Suppose 5*x - 155 = -5*t, -2*t + 64 = -3*x + 6*x. Calculate the highest common factor of t and 11.
1
Suppose 12*h + 44 = -10*h. Let j be 12/4 + (-150)/h. What is the greatest common divisor of j and 429?
39
Let b(y) be the first derivative of 4*y**2 - 12*y - 106. Let i be b(2). Let a(g) = -g - 2. Let f be a(-6). Calculate the highest common factor of i and f.
4
Suppose 354 = 5*b - 4*p, -3*b = 7*p - 11*p - 214. Calculate the greatest common divisor of 1610 and b.
70
Let l(q) = 2*q - 9. Let h be l(6). Let s be (-7)/((-14)/h)*2. Suppose -s*y + 90 = 5*u, y + 58 = 3*u + 2*y. What is the highest common divisor of u and 84?
21
Suppose 3470 = 24*i + 1622. Calculate the greatest common divisor of 99 and i.
11
Suppose 4*a + 2*i - 486 = 0, 8*i - 606 = -5*a + 6*i. Let d = -9 + 45. What is the greatest common divisor of d and a?
12
Let q(b) = -b**2. Let o(c) = c**3 + 6*c**2 + 6*c + 4. Let m(k) = -o(k) + 3*q(k). Let p be m(-9). What is the greatest common divisor of p and 10?
10
Let k(f) = -4*f**3 - 2*f**2 + 2. Let x be k(-1). Let z be x/36*-6*-54. What is the highest common factor of 24 and z?
12
Let k = -158 - -158. Let h(b) = 4*b + 220. Let n be h(k). Calculate the greatest common divisor of 20 and n.
20
Let o be 4/(-4)*(-3 - 9/3). Suppose -11 - 103 = -o*d. Suppose -z + 28 - d = 0. What is the highest common divisor of 27 and z?
9
Suppose -3*w = -9, -w - 369 = -4*i - 4*w. Let g be 42 + 35/((-280)/(-96)). What is the greatest common factor of g and i?
18
Let i be 11*1*(-6)/(-2). Let r(f) = 2*f + 98. Let u be r(-34). Suppose 27*s + 66 = u*s. Calculate the greatest common factor of i and s.
11
Let g = -1159 - -1727. What is the highest common factor of 8 and g?
8
Suppose 15 = 3*b + 3*p - p, 3*b = 2*p + 3. Suppose -5*x + b*k = -219 - 54, -5*k = 5. Suppose -8*y + 213 = 69. Calculate the highest common factor of y and x.
18
Suppose -1 = 5*u - 16. Suppose -8*p + 3*p + 55 = 5*k, 0 = 2*p - 3*k + u. Let g be p/15*(31 - 1). What is the greatest common divisor of g and 132?
12
Let r(t) = 3*t**2 + 23*t + 2. Let z be r(-8). Let s be 2 + -1 - (z + -13). Suppose -s*x + x = -48. Calculate the greatest common divisor of x and 1.
1
Let r = 10642 + -9743. Calculate the highest common divisor of 58 and r.
29
Suppose 4*h - 49*m - 2616 = -52*m, -2*m + 1963 = 3*h. Suppose -3*b - q = -661, 3*q - h = 2*b - 5*b. Calculate the greatest common factor of 39 and b.
13
Let k(m) = m**3 + m**2 + 3. Let z be k(0). Suppose -z*i + 6 = -3. Let x = -1931 + 1937. Calculate the highest common factor of x and i.
3
Suppose -3*d + 2*d = 35. Let n = d - -38. Suppose 5*h = n*v + 813, -3*v - 2*v - 310 = -2*h. What is the highest common divisor of 15 and h?
15
Let u = 146 - 456. Let q = 541 + u. Suppose -5*i + 111 = 2*c, -2*i - 2*c = -7*i + 99. Calculate the greatest common divisor of q and i.
21
Let x = -86 - -120. Let l = -1772 - -575. Let d be l/(-18) + 9/6. Calculate the greatest common divisor of x and d.
34
Let p = -1352 - -2008. Suppose 0 = -55*l + 53*l + p. What is the greatest common factor of 8 and l?
8
Let n be (-256)/(-8) - -1*(-2 + -2). Suppose -2688 = u - 7*u. What is the highest common factor of u and n?
28
Let l be (0 + (15 - 6))*(-118)/(-3). What is the greatest common divisor of 12 and l?
6
Let y be -3 - (146 + 29 + (-8)/(-2)). Let o be 78/y - (-325)/7. What is the highest common divisor of o and 69?
23
Suppose 12330 + 12604 = 13*a. Let o = -911 + a. Calculate the highest common factor of o and 19.
19
Suppose 34 = 2*q - w, 3*w = -0*w + 12. Suppose -3*j = 5*x - 73, 0*j + q = j - x. Calculate the highest common divisor of 84 and j.
21
Suppose 4*f = -0*f - 5*d + 143, f - 2*d - 26 = 0. Let o = 34 - f. Suppose 0 = -c + 4, -o*c + 3 = -4*z + 139. Calculate the greatest common divisor of 4 and z.
4
Let l be (-423 - -405)*322/(-4). What is the highest common factor of 63 and l?
63
Suppose 6615 = 4*p + 311. What is the highest common factor of p and 2167?
197
Let y be ((-4)/(-6))/(56/(-336)). Let i be 16434/(-27)*6/y. Calculate the greatest common factor of 11 and i.
11
Let o = 1689 + -1529. Let z = 16 - -84. Calculate the greatest common factor of o and z.
20
Let m be (-2)/12 - (-140)/(-24) - 1120/(-56). What is the greatest common divisor of 861 and m?
7
Let t = 155642 - 155624. Let z = -4 + 40. What is the highest common factor of z and t?
18
Suppose -5*a + 66 + 59 = 0. Suppose -m = 4*h + h - a, -m = -3*h + 15. Suppose m*t = 4*t - 40. Calculate the greatest common factor of t and 15.
5
Suppose -x - 9 = -11. Let a be 962/14 + -7*x/(-49). Let n(u) = -3*u**3 - u**2 - 2*u - 1. Let p be n(-2). What is the greatest common divisor of a and p?
23
Let s(i) = -163*i + 34. Let v be s(-8). Suppose -4*m + v = -30. Calculate the greatest common divisor of 18 and m.
18
Let t(n) = 19 + 13*n + 3*n**2 + 0*n**2 - 11*n - 2*n**2 + 0*n**2. Let g be t(-5). Calculate the greatest common divisor of g and 289.
17
Suppose 5*j + 24 = 2*q, 3*q = 2*j - 49 + 96. Calculate the highest common factor of 3944 and q.
17
Let g = 15223 - 15115. Let l(s) = -s**2 - 5*s + 7. Let z be l(-6). Let n be (-2)/(z*(-6)/81). What is the greatest common factor of g and n?
27
Let l be (-20 + 22)/(1*-2). Let j be 106/4*(l/1 - -3). Let h = 108 - j. What is the highest common divisor of h and 11?
11
Suppose 3*g + 5 + 16 = 0. Let p be (36/g)/(1/(-21)). Calculate the greatest common divisor of 48 and p.
12
Let l(a) = a**3 + 7*a**2 - 36*a + 15. Let q be l(-10). Calculate the highest common divisor of 1575 and q.
75
Let w = -402 + 377. Let z = w + 37. Calculate the highest common factor of z and 186.
6
Let w(q) = 4*q + 32. Let o(l) = -2*l**2 - 2*l + 4. Let r be o(-2). Let g be w(r). Calculate the highest common factor of 64 and g.
32
Let s(p) = -269*p + 24. Let z be s(16). Let y be 6/(-14) - (10 - z